{"id":122,"date":"2013-08-29T21:22:18","date_gmt":"2013-08-29T19:22:18","guid":{"rendered":"http:\/\/www.restaurierung-leipzig.com\/restaurator\/?page_id=122"},"modified":"2025-10-08T19:24:36","modified_gmt":"2025-10-08T17:24:36","slug":"moebelrestaurierung-leipzig","status":"publish","type":"page","link":"https:\/\/restaurierung-leipzig.com\/restaurator\/","title":{"rendered":"M\u00f6belrestaurierung-Leipzig"},"content":{"rendered":"\r\n<figure><img loading=\"lazy\" decoding=\"async\" class=\"size-full wp-image-896 alignnone alignleft\" src=\"http:\/\/restaurierung-leipzig.com\/restaurator\/wp-content\/uploads\/2016\/04\/2.jpg\" alt=\"\" width=\"531\" height=\"800\" srcset=\"https:\/\/restaurierung-leipzig.com\/restaurator\/wp-content\/uploads\/2016\/04\/2.jpg 531w, https:\/\/restaurierung-leipzig.com\/restaurator\/wp-content\/uploads\/2016\/04\/2-199x300.jpg 199w\" sizes=\"auto, (max-width: 531px) 100vw, 531px\" \/>\r\n<h2 class=\"wp-block-heading\" data-start=\"168\" data-end=\"208\">Kostenlose Beratung im Raum Leipzig<\/h2>\r\n<p data-start=\"210\" data-end=\"321\">Gern schaue ich mir Ihre zu restaurierenden M\u00f6bel und Objekte pers\u00f6nlich an und berate Sie kostenlos vor Ort.<\/p>\r\n<p data-start=\"323\" data-end=\"457\">Ich biete umfassende Leistungen in der <strong data-start=\"362\" data-end=\"397\">Restaurierung und Konservierung<\/strong> von M\u00f6beln, Skulpturen und anderen Gegenst\u00e4nden aus Holz:<\/p>\r\n<h3 data-start=\"459\" data-end=\"504\">Restaurierung und Oberfl\u00e4chenbehandlung<\/h3>\r\n<ul data-start=\"505\" data-end=\"817\">\r\n<li data-start=\"505\" data-end=\"551\">\r\n<p data-start=\"507\" data-end=\"551\">Beseitigung von Sch\u00e4den an Holzoberfl\u00e4chen<\/p>\r\n<\/li>\r\n<li data-start=\"552\" data-end=\"612\">\r\n<p data-start=\"554\" data-end=\"612\">Politur mit Schellack und anderen traditionellen Mitteln<\/p>\r\n<\/li>\r\n<li data-start=\"613\" data-end=\"654\">\r\n<p data-start=\"615\" data-end=\"654\">Erg\u00e4nzungen an furnierten Oberfl\u00e4chen<\/p>\r\n<\/li>\r\n<li data-start=\"655\" data-end=\"710\">\r\n<p data-start=\"657\" data-end=\"710\">Restaurierung und Stabilisierung von M\u00f6belkorpussen<\/p>\r\n<\/li>\r\n<li data-start=\"711\" data-end=\"765\">\r\n<p data-start=\"713\" data-end=\"765\">Anfertigung und Erg\u00e4nzung verlorengegangener Teile<\/p>\r\n<\/li>\r\n<li data-start=\"766\" data-end=\"817\">\r\n<p data-start=\"768\" data-end=\"817\">Nachschnitzungen und Rekonstruktionen an M\u00f6beln<\/p>\r\n<\/li>\r\n<\/ul>\r\n<h3 data-start=\"819\" data-end=\"853\">Materialvielfalt und Details<\/h3>\r\n<ul data-start=\"854\" data-end=\"1214\">\r\n<li data-start=\"854\" data-end=\"940\">\r\n<p data-start=\"856\" data-end=\"940\">Restaurierung und Erg\u00e4nzung von Beschl\u00e4gen aus Metall, Bein, Horn, Leder oder Holz<\/p>\r\n<\/li>\r\n<li data-start=\"941\" data-end=\"994\">\r\n<p data-start=\"943\" data-end=\"994\">Reinigung und Pflege historischer Holzoberfl\u00e4chen<\/p>\r\n<\/li>\r\n<li data-start=\"995\" data-end=\"1071\">\r\n<p data-start=\"997\" data-end=\"1071\">Ausrichten und Neujustieren von T\u00fcren, Schubladen und beweglichen Teilen<\/p>\r\n<\/li>\r\n<li data-start=\"1072\" data-end=\"1133\">\r\n<p data-start=\"1074\" data-end=\"1133\">Retuschen an farbig gefassten oder gefaserten Oberfl\u00e4chen<\/p>\r\n<\/li>\r\n<li data-start=\"1134\" data-end=\"1194\">\r\n<p data-start=\"1136\" data-end=\"1194\">Verleimung und Stabilisierung von Sitzm\u00f6beln und Tischen<\/p>\r\n<\/li>\r\n<li data-start=\"1195\" data-end=\"1214\">\r\n<p data-start=\"1197\" data-end=\"1214\">Polsterarbeiten<\/p>\r\n<\/li>\r\n<\/ul>\r\n<h3 data-start=\"1216\" data-end=\"1240\">Weitere Leistungen<\/h3>\r\n<ul data-start=\"1241\" data-end=\"1467\">\r\n<li data-start=\"1241\" data-end=\"1280\">\r\n<p data-start=\"1243\" data-end=\"1280\">Transport empfindlicher M\u00f6belst\u00fccke<\/p>\r\n<\/li>\r\n<li data-start=\"1281\" data-end=\"1341\">\r\n<p data-start=\"1283\" data-end=\"1341\">Anfertigung und Neubau historischer Artefakte f\u00fcr Museen<\/p>\r\n<\/li>\r\n<li data-start=\"1342\" data-end=\"1400\">\r\n<p data-start=\"1344\" data-end=\"1400\">Befunduntersuchungen zur Analyse vorhandener Fassungen<\/p>\r\n<\/li>\r\n<li data-start=\"1401\" data-end=\"1467\">\r\n<p data-start=\"1403\" data-end=\"1467\">Restaurierung und Aufarbeitung von Bilderrahmen sowie Gem\u00e4lden<\/p>\r\n<\/li>\r\n<\/ul>\r\n<h3 data-start=\"1469\" data-end=\"1501\">Dokumentation und Qualit\u00e4t<\/h3>\r\n<p data-start=\"1502\" data-end=\"1863\">Jede Untersuchung oder Ma\u00dfnahme schlie\u00dft mit der Erstellung eines <strong data-start=\"1568\" data-end=\"1588\">Arbeitsberichtes<\/strong> ab.<br data-start=\"1592\" data-end=\"1595\">Dieser enth\u00e4lt \u2013 je nach Aufgabenstellung \u2013 eine ausf\u00fchrliche Beschreibung des Bestandes, der angewandten Methoden und der durchgef\u00fchrten Ma\u00dfnahmen.<br data-start=\"1743\" data-end=\"1746\">Bei allen Dokumentationen wird selbstverst\u00e4ndlich auf <strong data-start=\"1800\" data-end=\"1823\">Archivbest\u00e4ndigkeit<\/strong> der verwendeten Materialien geachtet.<\/p>\r\n<p data-start=\"1865\" data-end=\"2102\">Ich berate Sie umfassend, beantworte alle Ihre Fragen und ziehe bei Bedarf Spezialisten hinzu. Gemeinsam entwickeln wir einen Restaurierungsplan, der <strong data-start=\"2015\" data-end=\"2048\">Kosten und Nutzen in Einklang<\/strong> bringt und den Charakter Ihres M\u00f6belst\u00fccks bewahrt.<\/p>\r\n<p><br>&nbsp;<\/p>\r\n<\/figure>\r\n\r\n\r\n\r\n<h4 class=\"wp-block-heading\">&nbsp;<\/h4>\r\n\r\n\r\n\r\n<h2 class=\"wp-block-heading\">&nbsp;<\/h2>\r\n","protected":false},"excerpt":{"rendered":"<p>Kostenlose Beratung im Raum Leipzig Gern schaue ich mir Ihre zu restaurierenden M\u00f6bel und Objekte pers\u00f6nlich an und berate Sie kostenlos vor Ort. Ich biete umfassende Leistungen in der Restaurierung und Konservierung von M\u00f6beln, Skulpturen und anderen Gegenst\u00e4nden aus Holz: Restaurierung und Oberfl\u00e4chenbehandlung Beseitigung von Sch\u00e4den an Holzoberfl\u00e4chen Politur mit Schellack und anderen traditionellen Mitteln [&hellip;]<\/p>\n","protected":false},"author":1,"featured_media":0,"parent":0,"menu_order":0,"comment_status":"closed","ping_status":"closed","template":"","meta":{"_monsterinsights_skip_tracking":false,"_monsterinsights_sitenote_active":false,"_monsterinsights_sitenote_note":"","_monsterinsights_sitenote_category":0,"ngg_post_thumbnail":0,"footnotes":""},"class_list":["post-122","page","type-page","status-publish","hentry"],"yoast_head":"<!-- This site is optimized with the Yoast SEO plugin v27.5 - https:\/\/yoast.com\/product\/yoast-seo-wordpress\/ -->\n<title>M\u00f6belrestaurierung-Leipzig &#8211; Restaurierung-Leipzig<\/title>\n<meta name=\"description\" content=\"&gt;M\u00f6belrestaurierung von M\u00f6beln aus allen Jahrhunderten&lt; Holzerg\u00e4nzungen, Schlellackpolituren, Oberfl\u00e4chenreinigung. Alles was ein altes M\u00f6bel braucht! Ich berate Sie gern kostenlos und erstelle Ihnen eine detailliertes Angebot.\" \/>\n<meta name=\"robots\" content=\"index, follow, max-snippet:-1, max-image-preview:large, max-video-preview:-1\" \/>\n<link rel=\"canonical\" href=\"https:\/\/restaurierung-leipzig.com\/restaurator\/\" \/>\n<meta property=\"og:locale\" content=\"de_DE\" \/>\n<meta property=\"og:type\" content=\"article\" \/>\n<meta property=\"og:title\" content=\"M\u00f6belrestaurierung-Leipzig &#8211; Restaurierung-Leipzig\" \/>\n<meta property=\"og:description\" content=\"&gt;M\u00f6belrestaurierung von M\u00f6beln aus allen Jahrhunderten&lt; Holzerg\u00e4nzungen, Schlellackpolituren, Oberfl\u00e4chenreinigung. Alles was ein altes M\u00f6bel braucht! Ich berate Sie gern kostenlos und erstelle Ihnen eine detailliertes Angebot.\" \/>\n<meta property=\"og:url\" content=\"https:\/\/restaurierung-leipzig.com\/restaurator\/\" \/>\n<meta property=\"og:site_name\" content=\"Restaurierung-Leipzig\" \/>\n<meta property=\"article:publisher\" content=\"https:\/\/www.facebook.com\/Restaurierung-Leipzig-242048805894230\/\" \/>\n<meta property=\"article:modified_time\" content=\"2025-10-08T17:24:36+00:00\" \/>\n<meta property=\"og:image\" content=\"https:\/\/restaurierung-leipzig.com\/restaurator\/wp-content\/uploads\/2016\/04\/2.jpg\" \/>\n\t<meta property=\"og:image:width\" content=\"531\" \/>\n\t<meta property=\"og:image:height\" content=\"800\" \/>\n\t<meta property=\"og:image:type\" content=\"image\/jpeg\" \/>\n<meta name=\"twitter:card\" content=\"summary_large_image\" \/>\n<meta name=\"twitter:label1\" content=\"Gesch\u00e4tzte Lesezeit\" \/>\n\t<meta name=\"twitter:data1\" content=\"2\u00a0Minuten\" \/>\n<script type=\"application\/ld+json\" class=\"yoast-schema-graph\">{\"@context\":\"https:\\\/\\\/schema.org\",\"@graph\":[{\"@type\":\"WebPage\",\"@id\":\"https:\\\/\\\/restaurierung-leipzig.com\\\/restaurator\\\/\",\"url\":\"https:\\\/\\\/restaurierung-leipzig.com\\\/restaurator\\\/\",\"name\":\"M\u00f6belrestaurierung-Leipzig &#8211; Restaurierung-Leipzig\",\"isPartOf\":{\"@id\":\"https:\\\/\\\/restaurierung-leipzig.com\\\/restaurator\\\/#website\"},\"primaryImageOfPage\":{\"@id\":\"https:\\\/\\\/restaurierung-leipzig.com\\\/restaurator\\\/#primaryimage\"},\"image\":{\"@id\":\"https:\\\/\\\/restaurierung-leipzig.com\\\/restaurator\\\/#primaryimage\"},\"thumbnailUrl\":\"http:\\\/\\\/restaurierung-leipzig.com\\\/restaurator\\\/wp-content\\\/uploads\\\/2016\\\/04\\\/2.jpg\",\"datePublished\":\"2013-08-29T19:22:18+00:00\",\"dateModified\":\"2025-10-08T17:24:36+00:00\",\"description\":\">M\u00f6belrestaurierung von M\u00f6beln aus allen Jahrhunderten&lt; Holzerg\u00e4nzungen, Schlellackpolituren, Oberfl\u00e4chenreinigung. Alles was ein altes M\u00f6bel braucht! Ich berate Sie gern kostenlos und erstelle Ihnen eine detailliertes Angebot.\",\"breadcrumb\":{\"@id\":\"https:\\\/\\\/restaurierung-leipzig.com\\\/restaurator\\\/#breadcrumb\"},\"inLanguage\":\"de\",\"potentialAction\":[{\"@type\":\"ReadAction\",\"target\":[\"https:\\\/\\\/restaurierung-leipzig.com\\\/restaurator\\\/\"]}]},{\"@type\":\"ImageObject\",\"inLanguage\":\"de\",\"@id\":\"https:\\\/\\\/restaurierung-leipzig.com\\\/restaurator\\\/#primaryimage\",\"url\":\"https:\\\/\\\/restaurierung-leipzig.com\\\/restaurator\\\/wp-content\\\/uploads\\\/2016\\\/04\\\/2.jpg\",\"contentUrl\":\"https:\\\/\\\/restaurierung-leipzig.com\\\/restaurator\\\/wp-content\\\/uploads\\\/2016\\\/04\\\/2.jpg\",\"width\":531,\"height\":800},{\"@type\":\"BreadcrumbList\",\"@id\":\"https:\\\/\\\/restaurierung-leipzig.com\\\/restaurator\\\/#breadcrumb\",\"itemListElement\":[{\"@type\":\"ListItem\",\"position\":1,\"name\":\"Startseite\",\"item\":\"https:\\\/\\\/restaurierung-leipzig.com\\\/restaurator\\\/\"},{\"@type\":\"ListItem\",\"position\":2,\"name\":\"M\u00f6belrestaurierung-Leipzig\"}]},{\"@type\":\"WebSite\",\"@id\":\"https:\\\/\\\/restaurierung-leipzig.com\\\/restaurator\\\/#website\",\"url\":\"https:\\\/\\\/restaurierung-leipzig.com\\\/restaurator\\\/\",\"name\":\"Restaurierung-Leipzig\",\"description\":\"Torsten Kranich \u2013 Atelier f\u00fcr M\u00f6belrestaurierung in Leipzig\",\"publisher\":{\"@id\":\"https:\\\/\\\/restaurierung-leipzig.com\\\/restaurator\\\/#organization\"},\"potentialAction\":[{\"@type\":\"SearchAction\",\"target\":{\"@type\":\"EntryPoint\",\"urlTemplate\":\"https:\\\/\\\/restaurierung-leipzig.com\\\/restaurator\\\/?s={search_term_string}\"},\"query-input\":{\"@type\":\"PropertyValueSpecification\",\"valueRequired\":true,\"valueName\":\"search_term_string\"}}],\"inLanguage\":\"de\"},{\"@type\":\"Organization\",\"@id\":\"https:\\\/\\\/restaurierung-leipzig.com\\\/restaurator\\\/#organization\",\"name\":\"Restaurierung-Leipzig\",\"url\":\"https:\\\/\\\/restaurierung-leipzig.com\\\/restaurator\\\/\",\"logo\":{\"@type\":\"ImageObject\",\"inLanguage\":\"de\",\"@id\":\"https:\\\/\\\/restaurierung-leipzig.com\\\/restaurator\\\/#\\\/schema\\\/logo\\\/image\\\/\",\"url\":\"https:\\\/\\\/restaurierung-leipzig.com\\\/restaurator\\\/wp-content\\\/uploads\\\/2016\\\/05\\\/cropped-titel-3.png\",\"contentUrl\":\"https:\\\/\\\/restaurierung-leipzig.com\\\/restaurator\\\/wp-content\\\/uploads\\\/2016\\\/05\\\/cropped-titel-3.png\",\"width\":1413,\"height\":471,\"caption\":\"Restaurierung-Leipzig\"},\"image\":{\"@id\":\"https:\\\/\\\/restaurierung-leipzig.com\\\/restaurator\\\/#\\\/schema\\\/logo\\\/image\\\/\"},\"sameAs\":[\"https:\\\/\\\/www.facebook.com\\\/Restaurierung-Leipzig-242048805894230\\\/\"]}]}<\/script>\n<!-- \/ Yoast SEO plugin. -->","yoast_head_json":{"title":"M\u00f6belrestaurierung-Leipzig &#8211; Restaurierung-Leipzig","description":">M\u00f6belrestaurierung von M\u00f6beln aus allen Jahrhunderten&lt; Holzerg\u00e4nzungen, Schlellackpolituren, Oberfl\u00e4chenreinigung. Alles was ein altes M\u00f6bel braucht! Ich berate Sie gern kostenlos und erstelle Ihnen eine detailliertes Angebot.","robots":{"index":"index","follow":"follow","max-snippet":"max-snippet:-1","max-image-preview":"max-image-preview:large","max-video-preview":"max-video-preview:-1"},"canonical":"https:\/\/restaurierung-leipzig.com\/restaurator\/","og_locale":"de_DE","og_type":"article","og_title":"M\u00f6belrestaurierung-Leipzig &#8211; Restaurierung-Leipzig","og_description":">M\u00f6belrestaurierung von M\u00f6beln aus allen Jahrhunderten&lt; Holzerg\u00e4nzungen, Schlellackpolituren, Oberfl\u00e4chenreinigung. Alles was ein altes M\u00f6bel braucht! Ich berate Sie gern kostenlos und erstelle Ihnen eine detailliertes Angebot.","og_url":"https:\/\/restaurierung-leipzig.com\/restaurator\/","og_site_name":"Restaurierung-Leipzig","article_publisher":"https:\/\/www.facebook.com\/Restaurierung-Leipzig-242048805894230\/","article_modified_time":"2025-10-08T17:24:36+00:00","og_image":[{"width":531,"height":800,"url":"https:\/\/restaurierung-leipzig.com\/restaurator\/wp-content\/uploads\/2016\/04\/2.jpg","type":"image\/jpeg"}],"twitter_card":"summary_large_image","twitter_misc":{"Gesch\u00e4tzte Lesezeit":"2\u00a0Minuten"},"schema":{"@context":"https:\/\/schema.org","@graph":[{"@type":"WebPage","@id":"https:\/\/restaurierung-leipzig.com\/restaurator\/","url":"https:\/\/restaurierung-leipzig.com\/restaurator\/","name":"M\u00f6belrestaurierung-Leipzig &#8211; Restaurierung-Leipzig","isPartOf":{"@id":"https:\/\/restaurierung-leipzig.com\/restaurator\/#website"},"primaryImageOfPage":{"@id":"https:\/\/restaurierung-leipzig.com\/restaurator\/#primaryimage"},"image":{"@id":"https:\/\/restaurierung-leipzig.com\/restaurator\/#primaryimage"},"thumbnailUrl":"http:\/\/restaurierung-leipzig.com\/restaurator\/wp-content\/uploads\/2016\/04\/2.jpg","datePublished":"2013-08-29T19:22:18+00:00","dateModified":"2025-10-08T17:24:36+00:00","description":">M\u00f6belrestaurierung von M\u00f6beln aus allen Jahrhunderten&lt; Holzerg\u00e4nzungen, Schlellackpolituren, Oberfl\u00e4chenreinigung. Alles was ein altes M\u00f6bel braucht! Ich berate Sie gern kostenlos und erstelle Ihnen eine detailliertes Angebot.","breadcrumb":{"@id":"https:\/\/restaurierung-leipzig.com\/restaurator\/#breadcrumb"},"inLanguage":"de","potentialAction":[{"@type":"ReadAction","target":["https:\/\/restaurierung-leipzig.com\/restaurator\/"]}]},{"@type":"ImageObject","inLanguage":"de","@id":"https:\/\/restaurierung-leipzig.com\/restaurator\/#primaryimage","url":"https:\/\/restaurierung-leipzig.com\/restaurator\/wp-content\/uploads\/2016\/04\/2.jpg","contentUrl":"https:\/\/restaurierung-leipzig.com\/restaurator\/wp-content\/uploads\/2016\/04\/2.jpg","width":531,"height":800},{"@type":"BreadcrumbList","@id":"https:\/\/restaurierung-leipzig.com\/restaurator\/#breadcrumb","itemListElement":[{"@type":"ListItem","position":1,"name":"Startseite","item":"https:\/\/restaurierung-leipzig.com\/restaurator\/"},{"@type":"ListItem","position":2,"name":"M\u00f6belrestaurierung-Leipzig"}]},{"@type":"WebSite","@id":"https:\/\/restaurierung-leipzig.com\/restaurator\/#website","url":"https:\/\/restaurierung-leipzig.com\/restaurator\/","name":"Restaurierung-Leipzig","description":"Torsten Kranich \u2013 Atelier f\u00fcr M\u00f6belrestaurierung in Leipzig","publisher":{"@id":"https:\/\/restaurierung-leipzig.com\/restaurator\/#organization"},"potentialAction":[{"@type":"SearchAction","target":{"@type":"EntryPoint","urlTemplate":"https:\/\/restaurierung-leipzig.com\/restaurator\/?s={search_term_string}"},"query-input":{"@type":"PropertyValueSpecification","valueRequired":true,"valueName":"search_term_string"}}],"inLanguage":"de"},{"@type":"Organization","@id":"https:\/\/restaurierung-leipzig.com\/restaurator\/#organization","name":"Restaurierung-Leipzig","url":"https:\/\/restaurierung-leipzig.com\/restaurator\/","logo":{"@type":"ImageObject","inLanguage":"de","@id":"https:\/\/restaurierung-leipzig.com\/restaurator\/#\/schema\/logo\/image\/","url":"https:\/\/restaurierung-leipzig.com\/restaurator\/wp-content\/uploads\/2016\/05\/cropped-titel-3.png","contentUrl":"https:\/\/restaurierung-leipzig.com\/restaurator\/wp-content\/uploads\/2016\/05\/cropped-titel-3.png","width":1413,"height":471,"caption":"Restaurierung-Leipzig"},"image":{"@id":"https:\/\/restaurierung-leipzig.com\/restaurator\/#\/schema\/logo\/image\/"},"sameAs":["https:\/\/www.facebook.com\/Restaurierung-Leipzig-242048805894230\/"]}]}},"_links":{"self":[{"href":"https:\/\/restaurierung-leipzig.com\/restaurator\/wp-json\/wp\/v2\/pages\/122","targetHints":{"allow":["GET"]}}],"collection":[{"href":"https:\/\/restaurierung-leipzig.com\/restaurator\/wp-json\/wp\/v2\/pages"}],"about":[{"href":"https:\/\/restaurierung-leipzig.com\/restaurator\/wp-json\/wp\/v2\/types\/page"}],"author":[{"embeddable":true,"href":"https:\/\/restaurierung-leipzig.com\/restaurator\/wp-json\/wp\/v2\/users\/1"}],"replies":[{"embeddable":true,"href":"https:\/\/restaurierung-leipzig.com\/restaurator\/wp-json\/wp\/v2\/comments?post=122"}],"version-history":[{"count":138,"href":"https:\/\/restaurierung-leipzig.com\/restaurator\/wp-json\/wp\/v2\/pages\/122\/revisions"}],"predecessor-version":[{"id":1341,"href":"https:\/\/restaurierung-leipzig.com\/restaurator\/wp-json\/wp\/v2\/pages\/122\/revisions\/1341"}],"wp:attachment":[{"href":"https:\/\/restaurierung-leipzig.com\/restaurator\/wp-json\/wp\/v2\/media?parent=122"}],"curies":[{"name":"wp","href":"https:\/\/api.w.org\/{rel}","templated":true}]}}