{"id":606,"date":"2013-10-06T13:44:02","date_gmt":"2013-10-06T11:44:02","guid":{"rendered":"http:\/\/www.restaurierung-leipzig.com\/restaurator\/?page_id=606"},"modified":"2019-01-29T00:33:57","modified_gmt":"2019-01-28T22:33:57","slug":"furnieschaeden","status":"publish","type":"page","link":"https:\/\/restaurierung-leipzig.com\/restaurator\/furnieschaeden\/","title":{"rendered":"Furniersch\u00e4den , Sch\u00e4dlingsbefall &#038; Oberfl\u00e4chenarbeiten"},"content":{"rendered":"<p><!-- default-view.php -->\n<div\n\tclass=\"ngg-galleryoverview default-view\n\t ngg-ajax-pagination-none\t\"\n\tid=\"ngg-gallery-6e606bd483b1aa7bca096b6a16380ad1-1\"\n\tdata-nextgen-gallery-id=\"16\"\n\tdata-gallery-id=\"16\"\n\t\tdata-gallery-name=\"Furniersch\u00e4den\"\n\t>\n\n\t\t<!-- Thumbnails -->\n\t\t\t\t<div id=\"ngg-image-0\" class=\"ngg-gallery-thumbnail-box\n\t\t\t\t\t\t\t\t\t\t\t\"\n\t\t\t>\n\t\t\t\t\t\t<div class=\"ngg-gallery-thumbnail\">\n\t\t<a href=\"https:\/\/restaurierung-leipzig.com\/restaurator\/wp-content\/gallery\/wandverkleidungen\/furnierschaeden\/l1040195.jpg?t=1566379855\"\n\t\t\ttitle=\"Furnierschaden\"\n\t\t\tdata-src=\"https:\/\/restaurierung-leipzig.com\/restaurator\/wp-content\/gallery\/wandverkleidungen\/furnierschaeden\/l1040195.jpg?t=1566379855\"\n\t\t\tdata-thumbnail=\"https:\/\/restaurierung-leipzig.com\/restaurator\/wp-content\/gallery\/wandverkleidungen\/furnierschaeden\/thumbs\/thumbs_l1040195.jpg?t=1566379855\"\n\t\t\tdata-image-id=\"167\"\n\t\t\tdata-image-name=\"l1040195.jpg\"\n\t\t\tdata-title=\"l1040195\"\n\t\t\tdata-description=\"Furnierschaden\"\n\t\t\tdata-image-slug=\"l1040195\"\n\t\t\t\t\t\t\t\t\t\t\t\t\t\t\t\t\t\t\t\tclass=\"ngg-fancybox\" rel=\"6e606bd483b1aa7bca096b6a16380ad1\">\n\t\t\t\t\t\t\t\t<img\n\t\t\t\t\ttitle=\"l1040195\"\n\t\t\t\t\talt=\"l1040195\"\n\t\t\t\t\tsrc=\"https:\/\/restaurierung-leipzig.com\/restaurator\/wp-content\/gallery\/wandverkleidungen\/furnierschaeden\/cache\/l1040195.jpg-nggid03167-ngg0dyn-120x90x100-00f0w010c011r110f110r010t010.jpg?t=1566379855\"\n\t\t\t\t\twidth=\"120\"\n\t\t\t\t\theight=\"90\"\n\t\t\t\t\tstyle=\"max-width:100%;\"\n\t\t\t\t\/>\n\t\t\t<\/a>\n\t\t<\/div>\n\t\t\t\t\t\t\t<\/div>\n\t\t\t\n\t\t\t\t<div id=\"ngg-image-1\" class=\"ngg-gallery-thumbnail-box\n\t\t\t\t\t\t\t\t\t\t\t\"\n\t\t\t>\n\t\t\t\t\t\t<div class=\"ngg-gallery-thumbnail\">\n\t\t<a href=\"https:\/\/restaurierung-leipzig.com\/restaurator\/wp-content\/gallery\/wandverkleidungen\/furnierschaeden\/l1000037_2b.jpg?t=1553156247\"\n\t\t\ttitle=\"Furnierschaden\"\n\t\t\tdata-src=\"https:\/\/restaurierung-leipzig.com\/restaurator\/wp-content\/gallery\/wandverkleidungen\/furnierschaeden\/l1000037_2b.jpg?t=1553156247\"\n\t\t\tdata-thumbnail=\"https:\/\/restaurierung-leipzig.com\/restaurator\/wp-content\/gallery\/wandverkleidungen\/furnierschaeden\/thumbs\/thumbs_l1000037_2b.jpg?t=1553156247\"\n\t\t\tdata-image-id=\"168\"\n\t\t\tdata-image-name=\"l1000037_2b.jpg\"\n\t\t\tdata-title=\"l1000037_2b\"\n\t\t\tdata-description=\"Furnierschaden\"\n\t\t\tdata-image-slug=\"l1000037_2b\"\n\t\t\t\t\t\t\t\t\t\t\t\t\t\t\t\t\t\t\t\tclass=\"ngg-fancybox\" rel=\"6e606bd483b1aa7bca096b6a16380ad1\">\n\t\t\t\t\t\t\t\t<img\n\t\t\t\t\ttitle=\"l1000037_2b\"\n\t\t\t\t\talt=\"l1000037_2b\"\n\t\t\t\t\tsrc=\"https:\/\/restaurierung-leipzig.com\/restaurator\/wp-content\/gallery\/wandverkleidungen\/furnierschaeden\/cache\/l1000037_2b.jpg-nggid03168-ngg0dyn-120x90x100-00f0w010c011r110f110r010t010.jpg?t=1553156247\"\n\t\t\t\t\twidth=\"120\"\n\t\t\t\t\theight=\"90\"\n\t\t\t\t\tstyle=\"max-width:100%;\"\n\t\t\t\t\/>\n\t\t\t<\/a>\n\t\t<\/div>\n\t\t\t\t\t\t\t<\/div>\n\t\t\t\n\t\t\t\t<div id=\"ngg-image-2\" class=\"ngg-gallery-thumbnail-box\n\t\t\t\t\t\t\t\t\t\t\t\"\n\t\t\t>\n\t\t\t\t\t\t<div class=\"ngg-gallery-thumbnail\">\n\t\t<a href=\"https:\/\/restaurierung-leipzig.com\/restaurator\/wp-content\/gallery\/wandverkleidungen\/furnierschaeden\/l1040206.jpg?t=1553156247\"\n\t\t\ttitle=\"Furnierschaden\"\n\t\t\tdata-src=\"https:\/\/restaurierung-leipzig.com\/restaurator\/wp-content\/gallery\/wandverkleidungen\/furnierschaeden\/l1040206.jpg?t=1553156247\"\n\t\t\tdata-thumbnail=\"https:\/\/restaurierung-leipzig.com\/restaurator\/wp-content\/gallery\/wandverkleidungen\/furnierschaeden\/thumbs\/thumbs_l1040206.jpg?t=1553156247\"\n\t\t\tdata-image-id=\"169\"\n\t\t\tdata-image-name=\"l1040206.jpg\"\n\t\t\tdata-title=\"l1040206\"\n\t\t\tdata-description=\"Furnierschaden\"\n\t\t\tdata-image-slug=\"l1040206\"\n\t\t\t\t\t\t\t\t\t\t\t\t\t\t\t\t\t\t\t\tclass=\"ngg-fancybox\" rel=\"6e606bd483b1aa7bca096b6a16380ad1\">\n\t\t\t\t\t\t\t\t<img\n\t\t\t\t\ttitle=\"l1040206\"\n\t\t\t\t\talt=\"l1040206\"\n\t\t\t\t\tsrc=\"https:\/\/restaurierung-leipzig.com\/restaurator\/wp-content\/gallery\/wandverkleidungen\/furnierschaeden\/cache\/l1040206.jpg-nggid03169-ngg0dyn-120x90x100-00f0w010c011r110f110r010t010.jpg?t=1553156247\"\n\t\t\t\t\twidth=\"120\"\n\t\t\t\t\theight=\"90\"\n\t\t\t\t\tstyle=\"max-width:100%;\"\n\t\t\t\t\/>\n\t\t\t<\/a>\n\t\t<\/div>\n\t\t\t\t\t\t\t<\/div>\n\t\t\t\n\t\t\t\t<div id=\"ngg-image-3\" class=\"ngg-gallery-thumbnail-box\n\t\t\t\t\t\t\t\t\t\t\t\"\n\t\t\t>\n\t\t\t\t\t\t<div class=\"ngg-gallery-thumbnail\">\n\t\t<a href=\"https:\/\/restaurierung-leipzig.com\/restaurator\/wp-content\/gallery\/wandverkleidungen\/furnierschaeden\/l1020897.jpg?t=1553156247\"\n\t\t\ttitle=\"Behandlung von Sch\u00e4dlingsbefall\"\n\t\t\tdata-src=\"https:\/\/restaurierung-leipzig.com\/restaurator\/wp-content\/gallery\/wandverkleidungen\/furnierschaeden\/l1020897.jpg?t=1553156247\"\n\t\t\tdata-thumbnail=\"https:\/\/restaurierung-leipzig.com\/restaurator\/wp-content\/gallery\/wandverkleidungen\/furnierschaeden\/thumbs\/thumbs_l1020897.jpg?t=1553156247\"\n\t\t\tdata-image-id=\"170\"\n\t\t\tdata-image-name=\"l1020897.jpg\"\n\t\t\tdata-title=\"l1020897\"\n\t\t\tdata-description=\"Behandlung von Sch\u00e4dlingsbefall\"\n\t\t\tdata-image-slug=\"l1020897\"\n\t\t\t\t\t\t\t\t\t\t\t\t\t\t\t\t\t\t\t\tclass=\"ngg-fancybox\" rel=\"6e606bd483b1aa7bca096b6a16380ad1\">\n\t\t\t\t\t\t\t\t<img\n\t\t\t\t\ttitle=\"l1020897\"\n\t\t\t\t\talt=\"l1020897\"\n\t\t\t\t\tsrc=\"https:\/\/restaurierung-leipzig.com\/restaurator\/wp-content\/gallery\/wandverkleidungen\/furnierschaeden\/cache\/l1020897.jpg-nggid03170-ngg0dyn-120x90x100-00f0w010c011r110f110r010t010.jpg?t=1553156247\"\n\t\t\t\t\twidth=\"120\"\n\t\t\t\t\theight=\"90\"\n\t\t\t\t\tstyle=\"max-width:100%;\"\n\t\t\t\t\/>\n\t\t\t<\/a>\n\t\t<\/div>\n\t\t\t\t\t\t\t<\/div>\n\t\t\t\n\t\t\t\t<div id=\"ngg-image-4\" class=\"ngg-gallery-thumbnail-box\n\t\t\t\t\t\t\t\t\t\t\t\"\n\t\t\t>\n\t\t\t\t\t\t<div class=\"ngg-gallery-thumbnail\">\n\t\t<a href=\"https:\/\/restaurierung-leipzig.com\/restaurator\/wp-content\/gallery\/wandverkleidungen\/furnierschaeden\/l1030860.jpg?t=1553156248\"\n\t\t\ttitle=\"Notsicherung\"\n\t\t\tdata-src=\"https:\/\/restaurierung-leipzig.com\/restaurator\/wp-content\/gallery\/wandverkleidungen\/furnierschaeden\/l1030860.jpg?t=1553156248\"\n\t\t\tdata-thumbnail=\"https:\/\/restaurierung-leipzig.com\/restaurator\/wp-content\/gallery\/wandverkleidungen\/furnierschaeden\/thumbs\/thumbs_l1030860.jpg?t=1553156248\"\n\t\t\tdata-image-id=\"171\"\n\t\t\tdata-image-name=\"l1030860.jpg\"\n\t\t\tdata-title=\"l1030860\"\n\t\t\tdata-description=\"Notsicherung\"\n\t\t\tdata-image-slug=\"l1030860\"\n\t\t\t\t\t\t\t\t\t\t\t\t\t\t\t\t\t\t\t\tclass=\"ngg-fancybox\" rel=\"6e606bd483b1aa7bca096b6a16380ad1\">\n\t\t\t\t\t\t\t\t<img\n\t\t\t\t\ttitle=\"l1030860\"\n\t\t\t\t\talt=\"l1030860\"\n\t\t\t\t\tsrc=\"https:\/\/restaurierung-leipzig.com\/restaurator\/wp-content\/gallery\/wandverkleidungen\/furnierschaeden\/cache\/l1030860.jpg-nggid03171-ngg0dyn-120x90x100-00f0w010c011r110f110r010t010.jpg?t=1553156248\"\n\t\t\t\t\twidth=\"120\"\n\t\t\t\t\theight=\"90\"\n\t\t\t\t\tstyle=\"max-width:100%;\"\n\t\t\t\t\/>\n\t\t\t<\/a>\n\t\t<\/div>\n\t\t\t\t\t\t\t<\/div>\n\t\t\t\n\t\t\t\t<div id=\"ngg-image-5\" class=\"ngg-gallery-thumbnail-box\n\t\t\t\t\t\t\t\t\t\t\t\"\n\t\t\t>\n\t\t\t\t\t\t<div class=\"ngg-gallery-thumbnail\">\n\t\t<a href=\"https:\/\/restaurierung-leipzig.com\/restaurator\/wp-content\/gallery\/wandverkleidungen\/furnierschaeden\/furniersc-2.jpg?t=1553156248\"\n\t\t\ttitle=\"Furnierschaden\"\n\t\t\tdata-src=\"https:\/\/restaurierung-leipzig.com\/restaurator\/wp-content\/gallery\/wandverkleidungen\/furnierschaeden\/furniersc-2.jpg?t=1553156248\"\n\t\t\tdata-thumbnail=\"https:\/\/restaurierung-leipzig.com\/restaurator\/wp-content\/gallery\/wandverkleidungen\/furnierschaeden\/thumbs\/thumbs_furniersc-2.jpg?t=1553156248\"\n\t\t\tdata-image-id=\"172\"\n\t\t\tdata-image-name=\"furniersc-2.jpg\"\n\t\t\tdata-title=\"furniersc-2\"\n\t\t\tdata-description=\"Furnierschaden\"\n\t\t\tdata-image-slug=\"furniersc-2\"\n\t\t\t\t\t\t\t\t\t\t\t\t\t\t\t\t\t\t\t\tclass=\"ngg-fancybox\" rel=\"6e606bd483b1aa7bca096b6a16380ad1\">\n\t\t\t\t\t\t\t\t<img\n\t\t\t\t\ttitle=\"furniersc-2\"\n\t\t\t\t\talt=\"furniersc-2\"\n\t\t\t\t\tsrc=\"https:\/\/restaurierung-leipzig.com\/restaurator\/wp-content\/gallery\/wandverkleidungen\/furnierschaeden\/cache\/furniersc-2.jpg-nggid03172-ngg0dyn-120x90x100-00f0w010c011r110f110r010t010.jpg?t=1553156248\"\n\t\t\t\t\twidth=\"120\"\n\t\t\t\t\theight=\"90\"\n\t\t\t\t\tstyle=\"max-width:100%;\"\n\t\t\t\t\/>\n\t\t\t<\/a>\n\t\t<\/div>\n\t\t\t\t\t\t\t<\/div>\n\t\t\t\n\t\t\t\t<div id=\"ngg-image-6\" class=\"ngg-gallery-thumbnail-box\n\t\t\t\t\t\t\t\t\t\t\t\"\n\t\t\t>\n\t\t\t\t\t\t<div class=\"ngg-gallery-thumbnail\">\n\t\t<a href=\"https:\/\/restaurierung-leipzig.com\/restaurator\/wp-content\/gallery\/wandverkleidungen\/furnierschaeden\/l1030862.jpg?t=1553156248\"\n\t\t\ttitle=\"Notsicherung\"\n\t\t\tdata-src=\"https:\/\/restaurierung-leipzig.com\/restaurator\/wp-content\/gallery\/wandverkleidungen\/furnierschaeden\/l1030862.jpg?t=1553156248\"\n\t\t\tdata-thumbnail=\"https:\/\/restaurierung-leipzig.com\/restaurator\/wp-content\/gallery\/wandverkleidungen\/furnierschaeden\/thumbs\/thumbs_l1030862.jpg?t=1553156248\"\n\t\t\tdata-image-id=\"173\"\n\t\t\tdata-image-name=\"l1030862.jpg\"\n\t\t\tdata-title=\"l1030862\"\n\t\t\tdata-description=\"Notsicherung\"\n\t\t\tdata-image-slug=\"l1030862\"\n\t\t\t\t\t\t\t\t\t\t\t\t\t\t\t\t\t\t\t\tclass=\"ngg-fancybox\" rel=\"6e606bd483b1aa7bca096b6a16380ad1\">\n\t\t\t\t\t\t\t\t<img\n\t\t\t\t\ttitle=\"l1030862\"\n\t\t\t\t\talt=\"l1030862\"\n\t\t\t\t\tsrc=\"https:\/\/restaurierung-leipzig.com\/restaurator\/wp-content\/gallery\/wandverkleidungen\/furnierschaeden\/cache\/l1030862.jpg-nggid03173-ngg0dyn-120x90x100-00f0w010c011r110f110r010t010.jpg?t=1553156248\"\n\t\t\t\t\twidth=\"120\"\n\t\t\t\t\theight=\"90\"\n\t\t\t\t\tstyle=\"max-width:100%;\"\n\t\t\t\t\/>\n\t\t\t<\/a>\n\t\t<\/div>\n\t\t\t\t\t\t\t<\/div>\n\t\t\t\n\t\n\t<br style=\"clear: both\" \/>\n\n\t\n\t\t<!-- Pagination -->\n\t\t<div class='ngg-clear'><\/div>\t<\/div>\n<\/p>\n<p>&nbsp;<\/p>\n","protected":false},"excerpt":{"rendered":"<p>&nbsp;<\/p>\n","protected":false},"author":1,"featured_media":0,"parent":0,"menu_order":0,"comment_status":"closed","ping_status":"closed","template":"full-width-page.php","meta":{"_monsterinsights_skip_tracking":false,"_monsterinsights_sitenote_active":false,"_monsterinsights_sitenote_note":"","_monsterinsights_sitenote_category":0,"ngg_post_thumbnail":0,"footnotes":""},"class_list":["post-606","page","type-page","status-publish","hentry"],"yoast_head":"<!-- This site is optimized with the Yoast SEO plugin v27.5 - https:\/\/yoast.com\/product\/yoast-seo-wordpress\/ -->\n<title>Furniersch\u00e4den , Sch\u00e4dlingsbefall &amp; Oberfl\u00e4chenarbeiten &#8211; Restaurierung-Leipzig<\/title>\n<meta name=\"robots\" content=\"index, follow, max-snippet:-1, max-image-preview:large, max-video-preview:-1\" \/>\n<link rel=\"canonical\" href=\"https:\/\/restaurierung-leipzig.com\/restaurator\/furnieschaeden\/\" \/>\n<meta property=\"og:locale\" content=\"de_DE\" \/>\n<meta property=\"og:type\" content=\"article\" \/>\n<meta property=\"og:title\" content=\"Furniersch\u00e4den , Sch\u00e4dlingsbefall &amp; Oberfl\u00e4chenarbeiten &#8211; Restaurierung-Leipzig\" \/>\n<meta property=\"og:description\" content=\"&nbsp;\" \/>\n<meta property=\"og:url\" content=\"https:\/\/restaurierung-leipzig.com\/restaurator\/furnieschaeden\/\" \/>\n<meta property=\"og:site_name\" content=\"Restaurierung-Leipzig\" \/>\n<meta property=\"article:publisher\" content=\"https:\/\/www.facebook.com\/Restaurierung-Leipzig-242048805894230\/\" \/>\n<meta property=\"article:modified_time\" content=\"2019-01-28T22:33:57+00:00\" \/>\n<meta property=\"og:image\" content=\"http:\/\/restaurierung-leipzig.com\/restaurator\/nextgen-attach_to_post\/preview\/id--727\" \/>\n<meta name=\"twitter:card\" content=\"summary_large_image\" \/>\n<script type=\"application\/ld+json\" class=\"yoast-schema-graph\">{\"@context\":\"https:\\\/\\\/schema.org\",\"@graph\":[{\"@type\":\"WebPage\",\"@id\":\"https:\\\/\\\/restaurierung-leipzig.com\\\/restaurator\\\/furnieschaeden\\\/\",\"url\":\"https:\\\/\\\/restaurierung-leipzig.com\\\/restaurator\\\/furnieschaeden\\\/\",\"name\":\"Furniersch\u00e4den , Sch\u00e4dlingsbefall & Oberfl\u00e4chenarbeiten &#8211; Restaurierung-Leipzig\",\"isPartOf\":{\"@id\":\"https:\\\/\\\/restaurierung-leipzig.com\\\/restaurator\\\/#website\"},\"primaryImageOfPage\":{\"@id\":\"https:\\\/\\\/restaurierung-leipzig.com\\\/restaurator\\\/furnieschaeden\\\/#primaryimage\"},\"image\":{\"@id\":\"https:\\\/\\\/restaurierung-leipzig.com\\\/restaurator\\\/furnieschaeden\\\/#primaryimage\"},\"thumbnailUrl\":\"http:\\\/\\\/restaurierung-leipzig.com\\\/restaurator\\\/nextgen-attach_to_post\\\/preview\\\/id--727\",\"datePublished\":\"2013-10-06T11:44:02+00:00\",\"dateModified\":\"2019-01-28T22:33:57+00:00\",\"breadcrumb\":{\"@id\":\"https:\\\/\\\/restaurierung-leipzig.com\\\/restaurator\\\/furnieschaeden\\\/#breadcrumb\"},\"inLanguage\":\"de\",\"potentialAction\":[{\"@type\":\"ReadAction\",\"target\":[\"https:\\\/\\\/restaurierung-leipzig.com\\\/restaurator\\\/furnieschaeden\\\/\"]}]},{\"@type\":\"ImageObject\",\"inLanguage\":\"de\",\"@id\":\"https:\\\/\\\/restaurierung-leipzig.com\\\/restaurator\\\/furnieschaeden\\\/#primaryimage\",\"url\":\"http:\\\/\\\/restaurierung-leipzig.com\\\/restaurator\\\/nextgen-attach_to_post\\\/preview\\\/id--727\",\"contentUrl\":\"http:\\\/\\\/restaurierung-leipzig.com\\\/restaurator\\\/nextgen-attach_to_post\\\/preview\\\/id--727\"},{\"@type\":\"BreadcrumbList\",\"@id\":\"https:\\\/\\\/restaurierung-leipzig.com\\\/restaurator\\\/furnieschaeden\\\/#breadcrumb\",\"itemListElement\":[{\"@type\":\"ListItem\",\"position\":1,\"name\":\"Startseite\",\"item\":\"https:\\\/\\\/restaurierung-leipzig.com\\\/restaurator\\\/\"},{\"@type\":\"ListItem\",\"position\":2,\"name\":\"Furniersch\u00e4den , Sch\u00e4dlingsbefall &#038; Oberfl\u00e4chenarbeiten\"}]},{\"@type\":\"WebSite\",\"@id\":\"https:\\\/\\\/restaurierung-leipzig.com\\\/restaurator\\\/#website\",\"url\":\"https:\\\/\\\/restaurierung-leipzig.com\\\/restaurator\\\/\",\"name\":\"Restaurierung-Leipzig\",\"description\":\"Torsten Kranich \u2013 Atelier f\u00fcr M\u00f6belrestaurierung in Leipzig\",\"publisher\":{\"@id\":\"https:\\\/\\\/restaurierung-leipzig.com\\\/restaurator\\\/#organization\"},\"potentialAction\":[{\"@type\":\"SearchAction\",\"target\":{\"@type\":\"EntryPoint\",\"urlTemplate\":\"https:\\\/\\\/restaurierung-leipzig.com\\\/restaurator\\\/?s={search_term_string}\"},\"query-input\":{\"@type\":\"PropertyValueSpecification\",\"valueRequired\":true,\"valueName\":\"search_term_string\"}}],\"inLanguage\":\"de\"},{\"@type\":\"Organization\",\"@id\":\"https:\\\/\\\/restaurierung-leipzig.com\\\/restaurator\\\/#organization\",\"name\":\"Restaurierung-Leipzig\",\"url\":\"https:\\\/\\\/restaurierung-leipzig.com\\\/restaurator\\\/\",\"logo\":{\"@type\":\"ImageObject\",\"inLanguage\":\"de\",\"@id\":\"https:\\\/\\\/restaurierung-leipzig.com\\\/restaurator\\\/#\\\/schema\\\/logo\\\/image\\\/\",\"url\":\"https:\\\/\\\/restaurierung-leipzig.com\\\/restaurator\\\/wp-content\\\/uploads\\\/2016\\\/05\\\/cropped-titel-3.png\",\"contentUrl\":\"https:\\\/\\\/restaurierung-leipzig.com\\\/restaurator\\\/wp-content\\\/uploads\\\/2016\\\/05\\\/cropped-titel-3.png\",\"width\":1413,\"height\":471,\"caption\":\"Restaurierung-Leipzig\"},\"image\":{\"@id\":\"https:\\\/\\\/restaurierung-leipzig.com\\\/restaurator\\\/#\\\/schema\\\/logo\\\/image\\\/\"},\"sameAs\":[\"https:\\\/\\\/www.facebook.com\\\/Restaurierung-Leipzig-242048805894230\\\/\"]}]}<\/script>\n<!-- \/ Yoast SEO plugin. -->","yoast_head_json":{"title":"Furniersch\u00e4den , Sch\u00e4dlingsbefall & Oberfl\u00e4chenarbeiten &#8211; Restaurierung-Leipzig","robots":{"index":"index","follow":"follow","max-snippet":"max-snippet:-1","max-image-preview":"max-image-preview:large","max-video-preview":"max-video-preview:-1"},"canonical":"https:\/\/restaurierung-leipzig.com\/restaurator\/furnieschaeden\/","og_locale":"de_DE","og_type":"article","og_title":"Furniersch\u00e4den , Sch\u00e4dlingsbefall & Oberfl\u00e4chenarbeiten &#8211; Restaurierung-Leipzig","og_description":"&nbsp;","og_url":"https:\/\/restaurierung-leipzig.com\/restaurator\/furnieschaeden\/","og_site_name":"Restaurierung-Leipzig","article_publisher":"https:\/\/www.facebook.com\/Restaurierung-Leipzig-242048805894230\/","article_modified_time":"2019-01-28T22:33:57+00:00","og_image":[{"url":"http:\/\/restaurierung-leipzig.com\/restaurator\/nextgen-attach_to_post\/preview\/id--727","type":"","width":"","height":""}],"twitter_card":"summary_large_image","schema":{"@context":"https:\/\/schema.org","@graph":[{"@type":"WebPage","@id":"https:\/\/restaurierung-leipzig.com\/restaurator\/furnieschaeden\/","url":"https:\/\/restaurierung-leipzig.com\/restaurator\/furnieschaeden\/","name":"Furniersch\u00e4den , Sch\u00e4dlingsbefall & Oberfl\u00e4chenarbeiten &#8211; Restaurierung-Leipzig","isPartOf":{"@id":"https:\/\/restaurierung-leipzig.com\/restaurator\/#website"},"primaryImageOfPage":{"@id":"https:\/\/restaurierung-leipzig.com\/restaurator\/furnieschaeden\/#primaryimage"},"image":{"@id":"https:\/\/restaurierung-leipzig.com\/restaurator\/furnieschaeden\/#primaryimage"},"thumbnailUrl":"http:\/\/restaurierung-leipzig.com\/restaurator\/nextgen-attach_to_post\/preview\/id--727","datePublished":"2013-10-06T11:44:02+00:00","dateModified":"2019-01-28T22:33:57+00:00","breadcrumb":{"@id":"https:\/\/restaurierung-leipzig.com\/restaurator\/furnieschaeden\/#breadcrumb"},"inLanguage":"de","potentialAction":[{"@type":"ReadAction","target":["https:\/\/restaurierung-leipzig.com\/restaurator\/furnieschaeden\/"]}]},{"@type":"ImageObject","inLanguage":"de","@id":"https:\/\/restaurierung-leipzig.com\/restaurator\/furnieschaeden\/#primaryimage","url":"http:\/\/restaurierung-leipzig.com\/restaurator\/nextgen-attach_to_post\/preview\/id--727","contentUrl":"http:\/\/restaurierung-leipzig.com\/restaurator\/nextgen-attach_to_post\/preview\/id--727"},{"@type":"BreadcrumbList","@id":"https:\/\/restaurierung-leipzig.com\/restaurator\/furnieschaeden\/#breadcrumb","itemListElement":[{"@type":"ListItem","position":1,"name":"Startseite","item":"https:\/\/restaurierung-leipzig.com\/restaurator\/"},{"@type":"ListItem","position":2,"name":"Furniersch\u00e4den , Sch\u00e4dlingsbefall &#038; Oberfl\u00e4chenarbeiten"}]},{"@type":"WebSite","@id":"https:\/\/restaurierung-leipzig.com\/restaurator\/#website","url":"https:\/\/restaurierung-leipzig.com\/restaurator\/","name":"Restaurierung-Leipzig","description":"Torsten Kranich \u2013 Atelier f\u00fcr M\u00f6belrestaurierung in Leipzig","publisher":{"@id":"https:\/\/restaurierung-leipzig.com\/restaurator\/#organization"},"potentialAction":[{"@type":"SearchAction","target":{"@type":"EntryPoint","urlTemplate":"https:\/\/restaurierung-leipzig.com\/restaurator\/?s={search_term_string}"},"query-input":{"@type":"PropertyValueSpecification","valueRequired":true,"valueName":"search_term_string"}}],"inLanguage":"de"},{"@type":"Organization","@id":"https:\/\/restaurierung-leipzig.com\/restaurator\/#organization","name":"Restaurierung-Leipzig","url":"https:\/\/restaurierung-leipzig.com\/restaurator\/","logo":{"@type":"ImageObject","inLanguage":"de","@id":"https:\/\/restaurierung-leipzig.com\/restaurator\/#\/schema\/logo\/image\/","url":"https:\/\/restaurierung-leipzig.com\/restaurator\/wp-content\/uploads\/2016\/05\/cropped-titel-3.png","contentUrl":"https:\/\/restaurierung-leipzig.com\/restaurator\/wp-content\/uploads\/2016\/05\/cropped-titel-3.png","width":1413,"height":471,"caption":"Restaurierung-Leipzig"},"image":{"@id":"https:\/\/restaurierung-leipzig.com\/restaurator\/#\/schema\/logo\/image\/"},"sameAs":["https:\/\/www.facebook.com\/Restaurierung-Leipzig-242048805894230\/"]}]}},"_links":{"self":[{"href":"https:\/\/restaurierung-leipzig.com\/restaurator\/wp-json\/wp\/v2\/pages\/606","targetHints":{"allow":["GET"]}}],"collection":[{"href":"https:\/\/restaurierung-leipzig.com\/restaurator\/wp-json\/wp\/v2\/pages"}],"about":[{"href":"https:\/\/restaurierung-leipzig.com\/restaurator\/wp-json\/wp\/v2\/types\/page"}],"author":[{"embeddable":true,"href":"https:\/\/restaurierung-leipzig.com\/restaurator\/wp-json\/wp\/v2\/users\/1"}],"replies":[{"embeddable":true,"href":"https:\/\/restaurierung-leipzig.com\/restaurator\/wp-json\/wp\/v2\/comments?post=606"}],"version-history":[{"count":7,"href":"https:\/\/restaurierung-leipzig.com\/restaurator\/wp-json\/wp\/v2\/pages\/606\/revisions"}],"predecessor-version":[{"id":1103,"href":"https:\/\/restaurierung-leipzig.com\/restaurator\/wp-json\/wp\/v2\/pages\/606\/revisions\/1103"}],"wp:attachment":[{"href":"https:\/\/restaurierung-leipzig.com\/restaurator\/wp-json\/wp\/v2\/media?parent=606"}],"curies":[{"name":"wp","href":"https:\/\/api.w.org\/{rel}","templated":true}]}}